e
Is 10524444373 prime?
False
Is 242005817 a composite number?
True
Is 1104970597 a prime number?
False
Is 20559973883 a prime number?
False
Is 578910037 a prime number?
False
Is 119645447459 a composite number?
True
Is 46286897207 a composite number?
False
Is 24450729847 a prime number?
False
Is 5726603999 a prime number?
True
Is 3326541091 a composite number?
False
Is 322313702 composite?
True
Is 50847698147 composite?
False
Is 1093770113 a prime number?
False
Is 29132593757 composite?
True
Is 971312743 composite?
False
Is 335450321 composite?
False
Is 107497343659 a composite number?
False
Is 1890321319 composite?
False
Is 1184365277 a prime number?
True
Is 2578898261 a prime number?
False
Is 24639506293 prime?
True
Is 2367498253 prime?
False
Is 4214277383 a composite number?
False
Is 2384319359 a prime number?
True
Is 961035913 a composite number?
False
Is 3363173377 composite?
False
Is 17840597767 a prime number?
False
Is 4319021797 a prime number?
False
Is 119319828293 prime?
False
Is 148187328379 a composite number?
True
Is 16040338571 prime?
False
Is 5952184211 composite?
True
Is 11852538511 composite?
True
Is 5072804911 composite?
False
Is 43155341291 a composite number?
True
Is 25982671367 a prime number?
False
Is 5157175669 a prime number?
False
Is 4890192847 a composite number?
True
Is 5022395267 composite?
True
Is 1354664651 a prime number?
True
Is 52966270223 prime?
False
Is 788230739 a prime number?
True
Is 3227426309 a composite number?
True
Is 1206466042 a prime number?
False
Is 1595413871 prime?
False
Is 496093999 prime?
False
Is 25178239211 prime?
False
Is 247868689 a prime number?
False
Is 1288392737 a prime number?
False
Is 96743319791 prime?
False
Is 239905093 prime?
False
Is 1095529709 composite?
False
Is 538323421 a prime number?
True
Is 110737409 a composite number?
False
Is 21226934449 prime?
False
Is 16920883519 composite?
True
Is 62191537 prime?
True
Is 47349980851 prime?
False
Is 39389292407 a composite number?
True
Is 106956794387 composite?
False
Is 5024424883 a prime number?
False
Is 7850815631 a composite number?
False
Is 1033503553 a prime number?
True
Is 49187767791 a prime number?
False
Is 2834679829 a composite number?
True
Is 1192787929 composite?
True
Is 1710723271 a composite number?
True
Is 3122544229 prime?
False
Is 687296599 a prime number?
False
Is 76265990441 prime?
True
Is 10288762793 composite?
True
Is 3249070399 a prime number?
False
Is 1655784223 composite?
True
Is 447331541 a prime number?
True
Is 129853453 a composite number?
False
Is 50699009 prime?
True
Is 954611537 a prime number?
False
Is 5262372821 a prime number?
True
Is 449365123 composite?
False
Is 10370264903 prime?
False
Is 13331721877 a prime number?
True
Is 653456777 a prime number?
True
Is 5019589319 a prime number?
True
Is 20827696579 prime?
True
Is 282849987617 a composite number?
False
Is 5614680089 prime?
False
Is 1571458153 prime?
True
Is 8954833387 a prime number?
False
Is 304233193 a prime number?
False
Is 755794423 composite?
False
Is 3892160113 prime?
True
Is 659971447 prime?
True
Is 170967563 composite?
True
Is 6334416949 a composite number?
True
Is 477505313 a prime number?
False
Is 69202451977 composite?
False
Is 557597759 prime?
True
Is 26708428387 a prime number?
False
Is 150084563 composite?
True
Is 88530174977 a prime number?
True
Is 1494931441 prime?
True
Is 42035668967 prime?
True
Is 570291727 composite?
True
Is 2684734721 a composite number?
False
Is 16073922859 a prime number?
False
Is 68361290147 composite?
False
Is 7833383399 a prime number?
True
Is 13007727989 prime?
True
Is 46079649001 a composite number?
True
Is 24638246837 a prime number?
False
Is 259365364411 a composite number?
False
Is 221732831 prime?
False
Is 33842749607 composite?
True
Is 1303302391 prime?
True
Is 3669583727 prime?
False
Is 7147846843 a composite number?
True
Is 2200414537 composite?
False
Is 41543962357 composite?
False
Is 3299615537 a prime number?
False
Is 33308503721 composite?
False
Is 2007614821 a composite number?
True
Is 176654100283 a prime number?
False
Is 4314412877 a prime number?
True
Is 2308512611 composite?
False
Is 11634193397 prime?
False
Is 265862281 a composite number?
False
Is 233944957 prime?
True
Is 3021623357 composite?
False
Is 14671777517 prime?
False
Is 711893261 prime?
True
Is 605954119 a prime number?
True
Is 617555363 a prime number?
True
Is 20343471287 a composite number?
True
Is 13722101893 prime?
True
Is 10062238826 a composite number?
True
Is 3935094539 prime?
False
Is 10460543507 a composite number?
False
Is 131985059 composite?
True
Is 7292391929 composite?
True
Is 675375161 a composite number?
False
Is 908367807 composite?
True
Is 20000665987 a composite number?
False
Is 2991764233 a composite number?
False
Is 18232543195 composite?
True
Is 6846742457 prime?
False
Is 112223057111 prime?
False
Is 536339933 prime?
True
Is 228998839 a prime number?
True
Is 313161005 composite?
True
Is 1102471583 prime?
True
Is 246815591 a prime number?
False
Is 37350756613 a composite number?
False
Is 61574778127 a prime number?
True
Is 4739975291 prime?
True
Is 3405523963 composite?
True
Is 738708941 a prime number?
False
Is 58796114537 a composite number?
True
Is 3067283491 composite?
True
Is 20753694799 a prime number?
True
Is 2934047377 composite?
True
Is 126273785449 composite?
True
Is 364174345 a prime number?
False
Is 14574534719 a prime number?
True
Is 181907639 a prime number?
False
Is 305025667 a composite number?
True
Is 3342228587 composite?
False
Is 63560926837 composite?
False
Is 2544280757 composite?
False
Is 1842812611 a prime number?
False
Is 316796593 a prime number?
True
Is 22995145821 a prime number?
False
Is 3249611699 a composite number?
True
Is 1553392843 prime?
True
Is 867718637 composite?
False
Is 4633581409 composite?
False
Is 14506252223 prime?
True
Is 1475422838 a prime number?
False
Is 9368975041 a prime number?
True
Is 1294140779 a prime number?
True
Is 3909331289 a composite number?
False
Is 1437098881 a composite number?
True
Is 528081691 composite?
False
Is 72567546343 prime?
True
Is 20593147231 prime?
False
Is 10382429069 a composite number?
False
Is 708038329 composite?
True
Is 65608687171 composite?
False
Is 77150975801 prime?
True
Is 527725981 a composite number?
True
Is 3367037981 composite?
False
Is 1071961151 prime?
False
Is 692760671 a prime number?
False
Is 1634641999 a composite number?
True
Is 663809709 prime?
False
Is 9132045991 a composite number?
False
Is 7385204579 a composite number?
False
Is 2564723747 a prime number?
False
Is 1777949443 a prime number?
True
Is 136329299 prime?
True
Is 1560253043 a composite number?
False
Is 53376852971 a composite number?
True
Is 3903564505 a composite number?
True
Is 39806770847 a composite number?
True
Is 10590242807 a prime number?
False
Is 6712838749 prime?
True
Is 108196673443 a prime number?
True
Is 13969524823 a composite number?
True
Is 880572911 composite?
False
Is 317903095 a composite number?
True
Is 23857107217 composite?
False
Is 11582391511 composite?
True
Is 15376925965 prime?
False
Is 30946571 prime?
True
Is 2486501 composite?
False
Is 3602351483 a prime number?
False
Is 20812689595 a prime number?
False
Is 931687651 prime?
True
Is 6526654819 a composite number?
True
Is 3507117683 prime?
True
Is 7996101122 a prime number?
False
Is 27433691147 prime?
False
Is 2256386533 a composite number?
True
Is 1164550661 a prime number?
True
Is 100354058309 a composite number?
True
Is 391797707 composite?
True
Is 82340149609 prime?
True
Is 1118891237 a prime number?
True
Is 562654987 a prime number?
True
Is 12656329009 a prime number?
False
Is 3631259977 a composite number?
False
Is 2390254189 composite?
False
Is 800802997 a prime number?
False
Is 2633118673 prime?
False
Is 114326220943 a prime number?
False
Is 3056855933 a prime number?
False
Is 23597866427 a composite number?
False
Is 739479659 composite?
False
Is 70612397173 a prime number?
True
Is 36667775083 prime?
False
Is 23939340213 composite?
True
Is 764505169 a composite number?
False
Is 455887219 a prime number?
False
Is 4355318146 composite?
True
Is 197341494523 a prime number?
True
Is 52134271939 a composite number?
False
Is 750002723 a composite number?
False
Is 